{"id":68,"date":"2009-12-02T16:10:54","date_gmt":"2009-12-02T22:10:54","guid":{"rendered":"http:\/\/02EE0D9.NETSOLHOST.COM\/elmago\/?page_id=68"},"modified":"2020-03-04T18:16:46","modified_gmt":"2020-03-05T00:16:46","slug":"contenido_general","status":"publish","type":"page","link":"http:\/\/www.elmagodelapublicidad.com\/?page_id=68","title":{"rendered":"Contenido General"},"content":{"rendered":"<p>Publicidad en Latinoam\u00e9rica, \u00bfqu\u00e9 funciona?, \u00bfqu\u00e9 no? y \u00bfporqu\u00e9?<\/p>\n<p>\u00bfQu\u00e9 hace que las personas hagan las cosas que hacen?<\/p>\n<p>\u00bfPor qu\u00e9 la publicidad, no funciona como deber\u00eda?<\/p>\n<p>Durante nuestro tiempo juntos, usted aprender\u00e1 los principios de comunicaci\u00f3n acerca de lo que s\u00ed funciona, de lo que no funciona y \u00bfpor qu\u00e9?, basados en los secretos de la publicidad y la comunicaci\u00f3n efectiva, c\u00e1tedras, lecciones, sermones y las artes; y al final tendr\u00e1 un refuerzo positivo para lo que hace en tu trabajo y en su vida.<\/p>\n<p>Desde hace muchos a\u00f1os (algunas d\u00e9cadas ya) muchas personas alrededor del mundo han presenciado el contenido de \u00e9ste seminario y han logrado resultados gigantes en sus empresas: Clientes en Inglaterra, Suiza, Espa\u00f1a, India, Las filipinas, Australia, Canad\u00e1, Estados Unidos, Centroam\u00e9rica, Argentina y Brasil. CEO\u00b4s de empresas del Fortune 500, directores de mercadeo de IBM, Procter &amp; Gamble, HP y cientos de empresas peque\u00f1as, guionistas de Hollywood, autores de libros best-sellers del Wall-Street Journal y New York-Times, artistas, m\u00fasicos, pastores, pol\u00edticos, profesores universitarios y cient\u00edficos se han beneficiado de las ense\u00f1anzas del Wizard of Ads, el Mago de la Publicidad, que es una de las personas mas respetadas en el mundo de asesor\u00eda del Mercadeo, la Publicidad y la Comunicaci\u00f3n.<\/p>\n<p>\u00bfAlgunas veces ha sabido qu\u00e9 hacer exactamente, por intuici\u00f3n, pero no ha podido explicar cient\u00edficamente por qu\u00e9 su idea va a funcionar? Esto es porque durante toda su vida ha tenido una educaci\u00f3n enfocada hacia el Hemisferio izquierdo, pero nuestra sociedad mundial desprecia al derecho. Dicho simplemente, \u00e9ste seminario est\u00e1 enfocado en la educaci\u00f3n del Hemisferio derecho de su cerebro.<\/p>\n<p>Usted no va a aprender pasos, ni va a recibir material escrito para ponerlo luego en su librera a empolvarse. Usted va a aprender qu\u00e9 hacer y\u00a0 el porqu\u00e9 va a funcionar.<\/p>\n<p>Juntos, usted y yo, vamos a investigar, y a tener mejores herramientas:<\/p>\n<p>1)\u00a0\u00a0\u00a0 La Importancia del Pensamiento Humano.<\/p>\n<p>2)\u00a0\u00a0\u00a0 \u00bfC\u00f3mo funciona el cerebro?<\/p>\n<p>3)\u00a0\u00a0\u00a0 Broca vrs. Wernicke: La batalla por lo memorable.<\/p>\n<p>4)\u00a0\u00a0\u00a0 Impulsos Opuestos: Intelecto vrs. Emoci\u00f3n<\/p>\n<p>5)\u00a0\u00a0\u00a0 Dos Tipos de Clientes: Manzanas y Peras.<\/p>\n<p>6)\u00a0\u00a0\u00a0 El Poder de las Palabras.<\/p>\n<p>7)\u00a0\u00a0\u00a0 Tiempo vrs. Dinero.<\/p>\n<p>8)\u00a0\u00a0\u00a0 El verdadero \u201cBranding\u201d y Pavlov.<\/p>\n<p>9)\u00a0\u00a0\u00a0 Visi\u00f3n vrs. Sonido: \u00bfA qui\u00e9n le apuesta?<\/p>\n<p>10)\u00a0\u00a0\u00a0 Oportunidad vrs. Seguridad<\/p>\n<p>11)\u00a0\u00a0\u00a0 Los 12 \u201cherrores\u201d m\u00e1s comunes de la Publicidad<\/p>\n<p>12)\u00a0\u00a0\u00a0 Los 4 temperamentos: para comprender mejor a las personas y comunicarles mejor.<\/p>\n","protected":false},"excerpt":{"rendered":"<p>Publicidad en Latinoam\u00e9rica, \u00bfqu\u00e9 funciona?, \u00bfqu\u00e9 no? y \u00bfporqu\u00e9? \u00bfQu\u00e9 hace que las personas hagan las cosas que hacen? \u00bfPor qu\u00e9 la publicidad, no funciona como deber\u00eda? Durante nuestro tiempo juntos, usted aprender\u00e1 los principios de comunicaci\u00f3n acerca de lo que s\u00ed funciona, de lo que no funciona y \u00bfpor qu\u00e9?, basados en los secretos<\/p><\/div>\n<div class=\"blog-btn\"><a href=\"http:\/\/www.elmagodelapublicidad.com\/?page_id=68\" class=\"home-blog-btn\">Read More<\/a><\/p>\n","protected":false},"author":1,"featured_media":0,"parent":0,"menu_order":0,"comment_status":"closed","ping_status":"open","template":"","meta":{"jetpack_post_was_ever_published":false,"footnotes":""},"class_list":["post-68","page","type-page","status-publish","hentry"],"aioseo_notices":[],"jetpack_sharing_enabled":true,"jetpack_shortlink":"https:\/\/wp.me\/PM6iS-16","_links":{"self":[{"href":"http:\/\/www.elmagodelapublicidad.com\/index.php?rest_route=\/wp\/v2\/pages\/68"}],"collection":[{"href":"http:\/\/www.elmagodelapublicidad.com\/index.php?rest_route=\/wp\/v2\/pages"}],"about":[{"href":"http:\/\/www.elmagodelapublicidad.com\/index.php?rest_route=\/wp\/v2\/types\/page"}],"author":[{"embeddable":true,"href":"http:\/\/www.elmagodelapublicidad.com\/index.php?rest_route=\/wp\/v2\/users\/1"}],"replies":[{"embeddable":true,"href":"http:\/\/www.elmagodelapublicidad.com\/index.php?rest_route=%2Fwp%2Fv2%2Fcomments&post=68"}],"version-history":[{"count":8,"href":"http:\/\/www.elmagodelapublicidad.com\/index.php?rest_route=\/wp\/v2\/pages\/68\/revisions"}],"predecessor-version":[{"id":2543,"href":"http:\/\/www.elmagodelapublicidad.com\/index.php?rest_route=\/wp\/v2\/pages\/68\/revisions\/2543"}],"wp:attachment":[{"href":"http:\/\/www.elmagodelapublicidad.com\/index.php?rest_route=%2Fwp%2Fv2%2Fmedia&parent=68"}],"curies":[{"name":"wp","href":"https:\/\/api.w.org\/{rel}","templated":true}]}}