{"id":411,"date":"2010-03-16T14:39:22","date_gmt":"2010-03-16T20:39:22","guid":{"rendered":"http:\/\/www.elmagodelapublicidad.com\/?page_id=411"},"modified":"2024-11-08T21:58:22","modified_gmt":"2024-11-09T03:58:22","slug":"libros","status":"publish","type":"page","link":"http:\/\/www.elmagodelapublicidad.com\/?page_id=411","title":{"rendered":"Libros"},"content":{"rendered":"<p><strong>Del Cat\u00e1logo de <\/strong><a href=\"https:\/\/www.wizardacademypress.com\/Scripts\/default.asp\" target=\"_blank\" rel=\"noopener noreferrer\">Wizard Academy Press<\/a>, hay Cuatro libros traducidos al Espa\u00f1ol.<\/p>\n<p>\u00bfQuieres aprender sobre pensamiento humano, publicidad y escritura m\u00e1gica?<\/p>\n<p>Te sorprender\u00e1s <strong>lo que podr\u00e1s lograr<\/strong>, leyendo estos libros:<\/p>\n<p><!--more--><\/p>\n<p><a href=\"https:\/\/www.wizardacademypress.com\/Scripts\/prodView.asp?idproduct=298\"><img loading=\"lazy\" decoding=\"async\" class=\"alignright size-full wp-image-410\" title=\"Particulasbig\" src=\"http:\/\/www.elmagodelapublicidad.com\/wp-content\/uploads\/2010\/03\/Particulasbig.jpg\" alt=\"Particulasbig\" width=\"210\" height=\"286\" srcset=\"http:\/\/www.elmagodelapublicidad.com\/wp-content\/uploads\/2010\/03\/Particulasbig.jpg 300w, http:\/\/www.elmagodelapublicidad.com\/wp-content\/uploads\/2010\/03\/Particulasbig-220x300.jpg 220w\" sizes=\"(max-width: 210px) 100vw, 210px\" \/><\/a> <strong>1. <\/strong><strong>Particulas del Pensamiento<\/strong> <em>(9781932226744)<\/em><\/p>\n<p><em>Bloques de Construcci\u00f3n de la Realidad Perceptual C\u00f3digo Binario de la Mente<\/em><\/p>\n<p>Por Roy H. Williams<\/p>\n<p>Traducido por: <strong><span style=\"font-weight: normal;\">Luisa Fernanda Toledo<\/span><\/strong><\/p>\n<p>Disponible en <a href=\"https:\/\/www.wizardacademypress.com\/scripts\/prodView.asp?idproduct=290\" target=\"_blank\" rel=\"noopener noreferrer\">Versi\u00f3n con CD de ilustraciones, libreto impreso y CD de audio; bajo pedido por s\u00f3lo $3.99<\/a><\/p>\n<p>Esta edici\u00f3n limitada contiene un audio-CD y un CD de ilustraciones, los cuales revelan las teor\u00edas del Mago acerca de c\u00f3mo se ensamblan los pensamientos en la mente, a partir de asociaciones sensoriales.<\/p>\n<p>Apropiadamente utilizado, este conocimiento te permitir\u00e1 profundizar tu percepci\u00f3n y elevar\u00e1 tu inter\u00e9s en todos tus incursiones en la comunicaci\u00f3n visual y auditiva.<\/p>\n<p>Tambi\u00e9n se detallar\u00e1n \u00fatiles percepciones neurol\u00f3gicas, tales como las diferencias entre la Memoria de Trabajo, la Memoria Declarativa y la Memoria Procedimental y c\u00f3mo uno puede acceder a cada una para lograr una mejor comunicaci\u00f3n.<\/p>\n<p>Se incluye una transcripci\u00f3n literal de la porci\u00f3n de audio en formato de libreto.<\/p>\n<hr \/>\n<p><a href=\"https:\/\/www.wizardacademypress.com\/scripts\/prodView.asp?idproduct=280\"><img loading=\"lazy\" decoding=\"async\" class=\"size-full wp-image-256\" title=\"SercetFormulas-Spanishcover\" src=\"http:\/\/www.elmagodelapublicidad.com\/wp-content\/uploads\/2010\/01\/SercetFormulas-Spanishcover.jpg\" alt=\"SercetFormulas-Spanishcover\" width=\"198\" height=\"272\" srcset=\"http:\/\/www.elmagodelapublicidad.com\/wp-content\/uploads\/2010\/01\/SercetFormulas-Spanishcover.jpg 300w, http:\/\/www.elmagodelapublicidad.com\/wp-content\/uploads\/2010\/01\/SercetFormulas-Spanishcover-218x300.jpg 218w\" sizes=\"(max-width: 198px) 100vw, 198px\" \/><\/a><\/p>\n<p><strong>2. F\u00f3rmulas Secretas de el Mago de la Publicidad<\/strong><\/p>\n<p>Por Roy H. Williams<\/p>\n<p>Traducido por: Luis L\u00f3pez<\/p>\n<p><a href=\"http:\/\/www.wizardacademypress.com\/formulas-secretas-de-el-mago-de-la-publicidad-pdf-download\/\" target=\"_blank\" rel=\"noopener noreferrer\">Disponible en PDF.<\/a> En 100 cap\u00edtulos llenos de ingenio, sabidur\u00eda y buen sentido poco com\u00fan, Las F\u00f3rmulas Secretas conjuran la observaciones m\u00e1s provocativas del Mago sobre publicidad, negocios y la vida que le ha ganado ser un autor best-seller por su trilog\u00eda del Mago de Publicidad. \u00a1En \u00e9ste tomo, el libro viene con m\u00e1s detalles pr\u00e1cticos y con una mordida m\u00e1s grande!<\/p>\n<p>Las F\u00f3rmulas Secretas de El Mago de la Publicidad te ense\u00f1ar\u00e1n a:<br \/>\n\u2022 Encontrar un campe\u00f3n que venda tus ideas<br \/>\n\u2022 \u00bfPorqu\u00e9 segmentar tu mercado puede ser un grave error?<br \/>\n\u2022 \u00bfC\u00f3mo hacer que tus clientes se recuerden de ti?<br \/>\n\u2022 \u00bfPor qu\u00e9 los banqueros piensan al rev\u00e9s?<br \/>\n\u2022 Escribir anuncios milagrosos<br \/>\n\u2022 \u00bfPor qu\u00e9 el cerebro contiene 100,000 nuevos mundos<br \/>\n\u2022 \u00bfPor qu\u00e9 estar \u201cfuera de moda\u201d puede ser rentable?<br \/>\n\u2022 C\u00f3mo contratar con sabidur\u00eda y despedir con compasi\u00f3n<br \/>\n\u2022 C\u00f3mo el \u00e9xito te puede enviar a una casa pobre<br \/>\n\u2022 Recordar lo que es realmente importante en la vida<\/p>\n<p>S\u00f3lo ojea dentro de uno de \u00e9stos cap\u00edtulos.<\/p>\n<p>El Mago te dar\u00e1 tu propia bola de cristal \u2013 una tan poderosa que te dejar\u00e1 ver y crear tu propio futuro.<\/p>\n<p>\u2022 be\u00b4 be\u00b4 be\u00b4 Bennie y los Jets (p. 20)<\/p>\n<p>\u2022 El Mago que se escap\u00f3 (p. 40)<\/p>\n<p>\u2022 Viviendo con Tarz\u00e1n en la Jungla (p.44)<\/p>\n<p>\u2022 Escapa del Calabozo de la Depresi\u00f3n (p.62)<\/p>\n<p>\u2022 Sorprendiendo a Broca (p. 70)<\/p>\n<p>\u2022 El Barrendero de Media Noche (p. 98)<\/p>\n<p>\u2022 No tan Est\u00fapido (p.150)<\/p>\n<p>\u2022 No Hagas Encoger tu Ropa Interior (p.180)<\/p>\n<p>\u2022 Un alfiler en la oscuridad (p. 196)<\/p>\n<p>\u2022 El Enga\u00f1o M\u00e1s Grande de la Historia (p. 204)<\/p>\n<p>\u2022 Lo que Aprend\u00ed en un bar Mitzvah (p.214)<\/p>\n<p>Las F\u00f3rmulas Secretas de El Mago De la Publicidad es seguramente acerca de publicidad, negocios, amistad, y de la vida. Pero m\u00e1s que eso, es un libro acerca de ti.<\/p>\n<hr \/>\n<p><a href=\"https:\/\/www.wizardacademypress.com\/scripts\/prodView.asp?idproduct=284\" target=\"_blank\" rel=\"noopener noreferrer\"><img loading=\"lazy\" decoding=\"async\" class=\"size-full wp-image-426\" title=\"Escriturabig\" src=\"http:\/\/www.elmagodelapublicidad.com\/wp-content\/uploads\/2010\/03\/Escriturabig.jpg\" alt=\"Escriturabig\" width=\"210\" height=\"258\" srcset=\"http:\/\/www.elmagodelapublicidad.com\/wp-content\/uploads\/2010\/03\/Escriturabig.jpg 300w, http:\/\/www.elmagodelapublicidad.com\/wp-content\/uploads\/2010\/03\/Escriturabig-244x300.jpg 244w\" sizes=\"(max-width: 210px) 100vw, 210px\" \/><\/a><\/p>\n<p><strong>3. ESCRITURA M\u00c1GICA<\/strong><\/p>\n<p><em>LAS T\u00c9CNICAS DE ESCRITURA DE LA ACADEMIA DEL MAGO<\/em><\/p>\n<p><em><span style=\"font-weight: normal;\">Traducido y Adaptado al Espa\u00f1ol por: Luisa Fernanda Toledo<\/span><\/em><\/p>\n<p><a href=\"http:\/\/www.wizardacademypress.com\/escritura-magica-pdf-digital-download\/\" target=\"_blank\" rel=\"noopener noreferrer\">Disponible en PDF.<\/a><\/p>\n<p>Algunas de las t\u00e9cnicas m\u00e1s potentes que se ense\u00f1an en la Academia del Mago est\u00e1n cubiertas en la primera parte del libro. Puedes aprender c\u00f3mo utilizar t\u00e9cnicas de escritura tales como Seussear (del afamado Dr.), Frostear (de Robert Frost), Frankear (del fot\u00f3grafo Robert Frank) y Monet con Poder (del pintor impresionista franc\u00e9s), para hacer m\u00e1s persuasiva tu escritura.<\/p>\n<p>Cualquiera que sea tu papel en el mundo de los negocios, las t\u00e9cnicas del Mago energizar\u00e1n tu creatividad y har\u00e1n m\u00e1s efectiva tu comunicaci\u00f3n.<\/p>\n<p>Un libro de negocios muy inusual &#8211; hermoso y pr\u00e1ctico a la vez. <strong><!--more--> <\/strong><\/p>\n<p><a href=\"https:\/\/www.wizardacademypress.com\/scripts\/prodView.asp?idproduct=281\"><img loading=\"lazy\" decoding=\"async\" class=\"   \" src=\"https:\/\/www.wizardacademypress.com\/ProdImages\/full\/Liberabig.jpg\" alt=\"Descarga este libro haciendo click sobre la Portada\" width=\"185\" height=\"235\" \/><\/a><\/p>\n<p><strong>4. LIBERA AL BEAGLE<\/strong><\/p>\n<p>Por Roy H. Williams<\/p>\n<p>Traducido por: Luisa Fernanda Toledo.<\/p>\n<p><a href=\"http:\/\/www.wizardacademypress.com\/libera-al-beagle-pdf-download\/\" target=\"_blank\" rel=\"noopener noreferrer\">Disponible en PDF<\/a><\/p>\n<p style=\"color: #010101; font-family: Times, serif; font-size: 10pt; padding: 0px;\">Una beagle, un abogado y el viaje cl\u00e1sico del h\u00e9roe. Aprender a confiar en la intuici\u00f3n; importantes lecciones de vida y de negocios; el poder de la b\u00fasqueda espiritual. Viaja con la beagle y el abogado a trav\u00e9s del Bosque de la Confusi\u00f3n, el Pantano de la Depresi\u00f3n, la Villa del Conformismo, las Monta\u00f1as P\u00farpuras, las Planicies de Frutos, el Mar de las Falsas Esperanzas&#8230; y finalmente Destinoe.<\/p>\n<p style=\"color: #010101; font-family: Times, serif; font-size: 10pt; padding: 0px;\">\u201cUna par\u00e1bola sin paralelo de un pintor del mundo por excelencia, escrita con sabidur\u00eda, fantas\u00eda y amor.\u201d &#8211; Richard Pachter, cr\u00edtico de libros The Miami Herald<\/p>\n<p style=\"color: #010101; font-family: Times, serif; font-size: 10pt; padding: 0px;\">\u201c\u00a1Un libro maravilloso! L\u00e9eselo a tu hijo (yo lo hice) o d\u00e1selo a un colega.<\/p>\n<p style=\"color: #010101; font-family: Times, serif; font-size: 10pt; padding: 0px;\">&#8220;\u00a1Brillante!\u201d &#8211; Greg Farrell, reportero USA Today<\/p>\n<p style=\"color: #010101; font-family: Times, serif; font-size: 10pt; padding: 0px;\">\u201cUn trabajo genial. El mensaje resonar\u00e1 mucho despu\u00e9s que lo hayas le\u00eddo.\u201d &#8211; Roy Laughlin, Vicepresidente Clear Channel Communications<\/p>\n<p style=\"color: #010101; font-family: Times, serif; font-size: 10pt; padding: 0px;\">\u201cRoy H. Williams es una campa\u00f1a de un hombre para liberar el poder no explotado de la mente.\u201d &#8211; Keith Miller, autor El Sabor del Vino Nuevo, Compelido a Controlar y La Vida Secreta del Alma<\/p>\n<p style=\"color: #010101; font-family: Times, serif; font-size: 10pt; padding: 0px;\">\u201cSi est\u00e1s interesado en la creatividad y la imaginaci\u00f3n, tienes que leer Libera a la Beagle &#8211;<\/p>\n<p style=\"color: #010101; font-family: Times, serif; font-size: 10pt; padding: 0px;\">\u00a1Wow!\u201d &#8211; Richard Oppenheimer, conferencista, College of Communications La Universidad de Tejas en Austin<\/p>\n<p style=\"color: #010101; font-family: Times, serif; font-size: 10pt; padding: 0px;\">\u201cTe abre el coraz\u00f3n y te calienta la mente. Una joya multifac\u00e9tica de historia.\u201d &#8211; Mark Huffman, gerente senior, Advertising Production Procter &amp; Gamble<\/p>\n<p style=\"color: #010101; font-family: Times, serif; font-size: 10pt; padding: 0px;\">\u201cEl plano para una vida exitosa. Desear\u00eda que lo hubiera escrito antes.\u201d &#8211; Rick Dees, anfitri\u00f3n El mundial Weekly Top 40 Countdown.<\/p>\n<p style=\"color: #010101; font-family: Times, serif; font-size: 10pt; padding: 0px;\">\n<p style=\"color: #010101; font-family: Times, serif; font-size: 10pt; padding: 0px;\"><!--more--><\/p>\n<p style=\"color: #010101; font-family: Times, serif; font-size: 10pt; padding: 0px;\">\n<p style=\"color: #010101; font-family: Times, serif; font-size: 10pt; padding: 0px;\">\n<p style=\"color: #010101; font-family: Times, serif; font-size: 10pt; padding: 0px;\"><strong><!--more--> <\/strong> <strong>\u00bfQuien es <a href=\"http:\/\/www.beyondthewordstranslations.com\/\">Luisa Fernanda Toledo<\/a>? <a href=\"https:\/\/www.wizardacademypress.com\/scripts\/openExtra.asp?extra=9\">Aprende m\u00e1s sobre ella<\/a><\/strong><\/p>\n","protected":false},"excerpt":{"rendered":"<p>Del Cat\u00e1logo de Wizard Academy Press, hay Cuatro libros traducidos al Espa\u00f1ol. \u00bfQuieres aprender sobre pensamiento humano, publicidad y escritura m\u00e1gica? Te sorprender\u00e1s lo que podr\u00e1s lograr, leyendo estos libros:<\/p>\n","protected":false},"author":1,"featured_media":0,"parent":0,"menu_order":7,"comment_status":"open","ping_status":"open","template":"","meta":{"jetpack_post_was_ever_published":false,"footnotes":""},"class_list":["post-411","page","type-page","status-publish","hentry"],"aioseo_notices":[],"jetpack_sharing_enabled":true,"jetpack_shortlink":"https:\/\/wp.me\/PM6iS-6D","_links":{"self":[{"href":"http:\/\/www.elmagodelapublicidad.com\/index.php?rest_route=\/wp\/v2\/pages\/411"}],"collection":[{"href":"http:\/\/www.elmagodelapublicidad.com\/index.php?rest_route=\/wp\/v2\/pages"}],"about":[{"href":"http:\/\/www.elmagodelapublicidad.com\/index.php?rest_route=\/wp\/v2\/types\/page"}],"author":[{"embeddable":true,"href":"http:\/\/www.elmagodelapublicidad.com\/index.php?rest_route=\/wp\/v2\/users\/1"}],"replies":[{"embeddable":true,"href":"http:\/\/www.elmagodelapublicidad.com\/index.php?rest_route=%2Fwp%2Fv2%2Fcomments&post=411"}],"version-history":[{"count":27,"href":"http:\/\/www.elmagodelapublicidad.com\/index.php?rest_route=\/wp\/v2\/pages\/411\/revisions"}],"predecessor-version":[{"id":2547,"href":"http:\/\/www.elmagodelapublicidad.com\/index.php?rest_route=\/wp\/v2\/pages\/411\/revisions\/2547"}],"wp:attachment":[{"href":"http:\/\/www.elmagodelapublicidad.com\/index.php?rest_route=%2Fwp%2Fv2%2Fmedia&parent=411"}],"curies":[{"name":"wp","href":"https:\/\/api.w.org\/{rel}","templated":true}]}}